ppose 0 = -2*f + j + 14. What is the greatest common divisor of 45 and f?
15
Let b(h) = -h + 2. Let n be b(0). What is the greatest common divisor of n and 14?
2
Let l(b) = -14*b - 10. Let t be l(-2). Let o(q) = q**2 - q + 36. Let j be o(0). What is the highest common factor of j and t?
18
Suppose 5*q - 5*x = 0, 0*x - x + 12 = 5*q. Let y = -2 + q. Suppose z + y = 3. What is the greatest common divisor of 15 and z?
3
Suppose -3*l - 5 = 2*i, -2*i - 25 = -5*l + 3*i. Calculate the greatest common divisor of l and 4.
1
Suppose 9 = 4*j - 5*d, 2*j - 6 = 10*d - 6*d. Calculate the highest common divisor of j and 19.
1
Suppose 4*z = 4*d - 800, -z + d - 203 = 3*d. Let l = z - -409. What is the greatest common factor of l and 26?
26
Suppose -13 - 24 = -4*j + 3*u, -5*u = -2*j + 15. Suppose 4*g = 2*g + j. Suppose -15 = -g*f + 4*f. What is the highest common divisor of f and 10?
5
Suppose -13 = -3*v + 5. Calculate the greatest common factor of v and 6.
6
Suppose i + 30 = 72. Let s be (11/(-4))/((-4)/(-16)). Let p = s - -17. What is the highest common factor of i and p?
6
Suppose 2*w = -2*q - 0*q + 128, 4*w - 256 = q. Suppose 0 = -2*b - 0*b + w. Calculate the greatest common factor of b and 8.
8
Let i(w) = w**3 + 3*w**2 - w + 30. Let q be i(0). Calculate the greatest common divisor of q and 45.
15
Let j be (88/10)/(8/220). Suppose 0 = -4*x - 18 + j. Let y be 1*((0 - -6) + 1). Calculate the highest common factor of y and x.
7
Suppose -161 = -4*s - u + 297, -121 = -s + 3*u. Suppose -i = 2*a + 4*i - 87, -2*a - i + 91 = 0. Calculate the highest common factor of a and s.
23
Let t(s) = 34*s**2 + 2*s + 1. Let k be t(-1). Calculate the greatest common divisor of k and 165.
33
Let u(p) = -3*p + 29. Let h(g) = 4*g - 44. Let s(w) = -5*h(w) - 7*u(w). Let i be s(-12). Calculate the greatest common factor of 5 and i.
5
Suppose 64 = 5*g - 2*z - 6, -5*g + 4*z = -80. Calculate the highest common factor of g and 30.
6
Suppose 3*o = 2*f - 38, 0*o = -5*f + 2*o + 84. Suppose -5*a + 2 = 2*i - 6, 0 = 3*a + 5*i - 1. What is the greatest common factor of a and f?
2
Suppose -98 + 2 = -6*j. What is the highest common divisor of j and 32?
16
Suppose 2*g - 308 = -2*g. Let x be (1 + (-10 - -3))/(-2). Suppose 0 = x*c + c - 44. What is the greatest common divisor of c and g?
11
Suppose -3*q + 5*x + 28 = 0, 2*q + x = -0*x - 3. Let g = q + 99. Calculate the greatest common factor of g and 40.
20
Let d be -2*(-11)/(-2)*-2. Calculate the highest common factor of d and 55.
11
Let g be 72/(-10)*(15 - 20). Calculate the highest common factor of 9 and g.
9
Suppose 0 = -d + 27 + 1. Suppose -c + d = 3*c. Let i(h) = 5*h - 6. Let w be i(4). Calculate the greatest common divisor of c and w.
7
Let c = 3 - 35. Let g be (-24)/c*(140 + 0). Calculate the highest common factor of g and 15.
15
Let l(q) = 9*q**2 - 30*q - 10. Let c be l(5). Suppose -4*k + x - 15 = -117, -114 = -4*k - 5*x. Calculate the greatest common factor of k and c.
13
Let y(w) = -w**3 - 4*w**2 - 2*w. Let t be y(-5). Calculate the greatest common divisor of 14 and t.
7
Let i be 2*9/(-6) - -39. Let d be (-292)/(-18) - 8/i. What is the highest common divisor of d and 4?
4
Suppose -3*p - 205 = 2*p. Let q = 81 + p. Suppose 15*h = 22*h - 56. Calculate the greatest common factor of h and q.
8
Suppose 0 = 2*w - 0*w - 8. Suppose w*l - 16 = -0*l. Suppose -l*n + 250 = -2*d, 2*d - 5*d = -15. What is the greatest common divisor of n and 13?
13
Let w(z) = 9*z + 3. Suppose 22 + 2 = 3*j + q, 2*j - 20 = -2*q. Let x = 12 - j. Let d be w(x). What is the highest common factor of d and 32?
16
Suppose 3*a - 108 = -0*a. Suppose 5 = -0*v - v, -q + 4*v = -29. What is the greatest common divisor of q and a?
9
Suppose 0 = 3*y + h + 323 - 893, y = 3*h + 200. Suppose 3*j = -5*w + y, -j + w = 3*w - 62. What is the greatest common factor of 8 and j?
8
Let f = -42 + 54. Calculate the greatest common divisor of 84 and f.
12
Suppose 0*q - 5*q = -20. Let z be 14*3/12*q. Calculate the greatest common factor of z and 14.
14
Let d = -27 + 32. What is the highest common divisor of d and 2?
1
Let i = -2 + 6. Suppose 2*u = -4*q + 18, u = 5*q - 1 - i. Suppose 2*v - u*v - 3*z + 6 = 0, -5*v = -4*z - 37. Calculate the greatest common factor of 2 and v.
1
Suppose -2*r + 9*i = 4*i + 163, -2*i = -5*r - 439. Let d = -53 - r. Calculate the highest common factor of 24 and d.
12
Let k = -50 - -85. Let a = -19 + 24. What is the highest common divisor of a and k?
5
Let f be 8/6*(-9)/(-2). Let c(k) = 14*k**2 + 1. Let m = -16 + 15. Let y be c(m). Calculate the highest common divisor of f and y.
3
Let a be (-66 - 0)*(-2)/6. What is the highest common divisor of 33 and a?
11
Let a = -2 + 0. Let l be (a/(-6))/(2/54). Calculate the greatest common divisor of l and 81.
9
Let t(y) = y**3 - 6*y**2 + 2*y - 8. Let c be t(6). Let p(u) = 4*u - 9. Let k be p(7). Let v = k - 15. What is the greatest common divisor of v and c?
4
Let l be 3/(-24) + 2/((-32)/(-130)). Calculate the highest common divisor of 1 and l.
1
Suppose x + l + 1 - 4 = 0, -5*x + 33 = -l. Let w be (-2)/(-5) - 86/(-10). What is the greatest common factor of w and x?
3
Let z = 15 - -3. Calculate the greatest common factor of z and 2.
2
Let n = -101 + 52. Suppose -3*y - 5*k = -0*y + 253, 2*y - k = -160. Let t = n - y. Calculate the highest common divisor of t and 4.
4
Let j = -15 + 23. Suppose -j*y = -3*y - 45. Calculate the highest common divisor of 63 and y.
9
Let i = 7 + -9. Let g be (3 - 13)/i*19. Suppose -5*p = -4*f + 8*f - 198, 0 = 3*p - 5*f - 104. Calculate the greatest common divisor of g and p.
19
Let k = -3 - -54. Suppose -x - k = -4*x. Let v be (-2)/(-8) + (-814)/(-8). What is the highest common factor of v and x?
17
Suppose 2*o - 46 = -2*q, -2*q + 71 = q + o. Calculate the greatest common divisor of q and 192.
24
Suppose 6*m - 10 = m. Let y(v) = 5*v + 23. Let f be y(-4). What is the highest common factor of f and m?
1
Let w be (-6 - (-51)/9)/(2/(-12)). Calculate the greatest common factor of 18 and w.
2
Suppose 4*d - 3*k + 53 = -2*k, -9 = 3*k. Let y be 2*(-2 - (d - 2)). Suppose 2*l + 5*u = 12, -l + y = -0*l - 3*u. What is the greatest common divisor of 4 and l?
4
Suppose 94 + 60 = 7*o. Let i(v) = v + 0*v + 0*v + 4*v**2. Let j be i(-3). Calculate the greatest common factor of j and o.
11
Let d = 6 - -9. Suppose -5 = -5*t, t - d = -2*h + 2*t. Let r(u) = u**3 - 9*u**2 + 8*u + 6. Let b be r(h). What is the greatest common factor of 24 and b?
6
Let t(l) = -14*l + 12. Let k be t(-6). Let z(m) = 17*m**2 - m. Let y be z(1). What is the greatest common divisor of y and k?
16
Suppose -13 = 4*b + 3. Let m be (0 + 24)*(b - -5). What is the greatest common divisor of m and 36?
12
Let z(o) = o**3 + 8*o**2 + 9*o + 9. Let s = -1 + -5. Let x be z(s). Suppose 6*l - x = 3*l. Calculate the highest common divisor of l and 45.
9
Let f(t) = -2*t**3 + 17*t**2 + 10*t - 4. Let y be f(9). Calculate the greatest common factor of 55 and y.
5
Let a be ((-12)/8)/(3/(-10)). Calculate the highest common factor of a and 15.
5
Suppose 83*x - 20 = 78*x. Calculate the greatest common divisor of x and 26.
2
Let p = 72 - -32. Let n be 2/8 - 33/(-12). Suppose n*u - u = 26. What is the highest common factor of p and u?
13
Suppose 5*d + 62 = 4*a - 70, -66 = -2*a + 3*d. Let y = -21 + a. Suppose 3*j = 3*s - 12, 12 = s + 2*s + 4*j. Calculate the highest common factor of s and y.
4
Let f be -3 + (-1)/(4/(-16)). Let q be (-22)/(-6) + 4/(-6). What is the greatest common divisor of f and q?
1
Let s(o) = -50*o + 2. Let g be s(-1). Suppose c + g = 5*c. Calculate the greatest common factor of 91 and c.
13
Suppose -5*l + 59 = -r, -38 = -2*l - 0*r + 4*r. What is the greatest common factor of l and 88?
11
Let a be (-3)/5*(-7 + -3). Calculate the highest common divisor of 66 and a.
6
Let s = -286 - -356. Let y = -79 - -146. Let z = -39 + y. Calculate the highest common factor of s and z.
14
Suppose 3*c = 4*c - 4. Suppose -c*a - m - 2*m = 12, 12 = 5*a - 3*m. Suppose -36 = -3*l - a. What is the greatest common divisor of 36 and l?
12
Let i = -111 + 67. Let c = -27 - i. Calculate the highest common factor of c and 153.
17
Suppose g + 3 = 0, 0 = j + j + 3*g - 45. Let r = -65 + 119. What is the highest common divisor of r and j?
27
Let m be (32/(-6))/((-4)/42). Calculate the greatest co